{"id":1080,"date":"2017-02-19T09:41:49","date_gmt":"2017-02-19T08:41:49","guid":{"rendered":"http:\/\/bobofarm.at\/wp\/?page_id=1080"},"modified":"2026-04-05T07:26:20","modified_gmt":"2026-04-05T06:26:20","slug":"ferienspieltage","status":"publish","type":"page","link":"http:\/\/bobofarm.at\/?page_id=1080","title":{"rendered":"Jungpflanzen"},"content":{"rendered":"\n<p>Wo? BoboFarm &#8211; 2332 Hennersdorf &#8211; gleich neben Spielplatz &#8211; Ecke Teichfeldgasse\/H\u00f6belgasse)<\/p>\n\n\n\n<p>Ab 25. April bis 24. Mai bieten wir t\u00e4glich (auch an Sonn- und Feiertagen) von 16 &#8211; 17 h unsere Jungpflanzen zum Verkauf an. <\/p>\n\n\n\n<p>60 Sorten Tomaten<\/p>\n\n\n\n<p>Paprika, Chili<\/p>\n\n\n\n<p>Gurken<\/p>\n\n\n\n<p>K\u00fcrbis<\/p>\n\n\n\n<p>Rote R\u00fcben<\/p>\n\n\n\n<p>Kohlrabi, Kraut<\/p>\n\n\n\n<p>Kr\u00e4uter<\/p>\n\n\n\n<p>Erdmandeln<\/p>\n\n\n\n<p>Erdbeeren<\/p>\n\n\n\n<p>Tabak<\/p>\n\n\n\n<p>Blumen<\/p>\n\n\n\n<p>Sukkulenten<\/p>\n\n\n\n<p>Ich berate sie gerne &#8211; Obfrau &#8211; T\u00fcnde Gastgeb 069911688884<\/p>\n\n\n\n<figure class=\"wp-block-image size-large\"><img loading=\"lazy\" width=\"1024\" height=\"768\" src=\"https:\/\/bobofarm.at\/wp-content\/uploads\/2025\/07\/IMG_1176-1024x768.jpeg\" alt=\"\" class=\"wp-image-4152\" srcset=\"http:\/\/bobofarm.at\/wp-content\/uploads\/2025\/07\/IMG_1176-1024x768.jpeg 1024w, http:\/\/bobofarm.at\/wp-content\/uploads\/2025\/07\/IMG_1176-300x225.jpeg 300w, http:\/\/bobofarm.at\/wp-content\/uploads\/2025\/07\/IMG_1176-768x576.jpeg 768w, http:\/\/bobofarm.at\/wp-content\/uploads\/2025\/07\/IMG_1176-1536x1152.jpeg 1536w, http:\/\/bobofarm.at\/wp-content\/uploads\/2025\/07\/IMG_1176-2048x1536.jpeg 2048w\" sizes=\"(max-width: 1024px) 100vw, 1024px\" \/><\/figure>\n\n\n\n\n\n\n\n<p>Erdbeeren pflanzen wie Profis!<br><br>Wer n\u00e4chste Saison im Mai\/Juni eigene Erdbeeren ernten m\u00f6chte, setzt jetzt bis Ende August frische Pflanzen.<br>Erdbeeren m\u00fcssen alle zwei Jahre erneuert werden, sonst bringen die Altpflanzen keinen Ertrag!<br><br>Die BoboFarm bietet die s\u00fcsse, feine, alte Sorte Mieze Schindler (Fr\u00fcchte im Handel nicht erh\u00e4ltlich) an.  Diese Sorte ben\u00f6tigt eine Befruchterpflanze.  Zu 6 Pflanzen reicht eine Befruchterpflanze, die wir Ihnen schenken.<br>So lange der Vorrat reicht.&nbsp;<br><br>Pro Pflanze 2,- \u20ac<br><br>Bitte Termin f\u00fcr Abholung ausmachen:<\/p>\n\n\n\n<div class=\"wp-block-jetpack-tiled-gallery aligncenter is-style-rectangular\"><div class=\"tiled-gallery__gallery\"><div class=\"tiled-gallery__row\"><div class=\"tiled-gallery__col\" style=\"flex-basis:46.9898715987577%\"><figure class=\"tiled-gallery__item\"><img srcset=\"https:\/\/i1.wp.com\/bobofarm.at\/wp-content\/uploads\/2025\/06\/IMG_0901-scaled.jpeg?strip=info&#038;w=600&#038;ssl=1 600w,https:\/\/i1.wp.com\/bobofarm.at\/wp-content\/uploads\/2025\/06\/IMG_0901-scaled.jpeg?strip=info&#038;w=900&#038;ssl=1 900w,https:\/\/i1.wp.com\/bobofarm.at\/wp-content\/uploads\/2025\/06\/IMG_0901-scaled.jpeg?strip=info&#038;w=1200&#038;ssl=1 1200w,https:\/\/i1.wp.com\/bobofarm.at\/wp-content\/uploads\/2025\/06\/IMG_0901-scaled.jpeg?strip=info&#038;w=1500&#038;ssl=1 1500w,https:\/\/i1.wp.com\/bobofarm.at\/wp-content\/uploads\/2025\/06\/IMG_0901-scaled.jpeg?strip=info&#038;w=1800&#038;ssl=1 1800w,https:\/\/i1.wp.com\/bobofarm.at\/wp-content\/uploads\/2025\/06\/IMG_0901-scaled.jpeg?strip=info&#038;w=1920&#038;ssl=1 1920w\" alt=\"\" data-height=\"1920\" data-id=\"4144\" data-link=\"https:\/\/bobofarm.at\/?attachment_id=4144#main\" data-url=\"https:\/\/bobofarm.at\/wp-content\/uploads\/2025\/06\/IMG_0901-scaled.jpeg\" data-width=\"2560\" src=\"https:\/\/i1.wp.com\/bobofarm.at\/wp-content\/uploads\/2025\/06\/IMG_0901-scaled.jpeg?ssl=1\" layout=\"responsive\"\/><\/figure><\/div><div class=\"tiled-gallery__col\" style=\"flex-basis:26.50506420062115%\"><figure class=\"tiled-gallery__item\"><img srcset=\"https:\/\/i2.wp.com\/bobofarm.at\/wp-content\/uploads\/2025\/06\/IMG_0899-scaled.jpeg?strip=info&#038;w=600&#038;ssl=1 600w,https:\/\/i2.wp.com\/bobofarm.at\/wp-content\/uploads\/2025\/06\/IMG_0899-scaled.jpeg?strip=info&#038;w=900&#038;ssl=1 900w,https:\/\/i2.wp.com\/bobofarm.at\/wp-content\/uploads\/2025\/06\/IMG_0899-scaled.jpeg?strip=info&#038;w=1200&#038;ssl=1 1200w,https:\/\/i2.wp.com\/bobofarm.at\/wp-content\/uploads\/2025\/06\/IMG_0899-scaled.jpeg?strip=info&#038;w=1500&#038;ssl=1 1500w,https:\/\/i2.wp.com\/bobofarm.at\/wp-content\/uploads\/2025\/06\/IMG_0899-scaled.jpeg?strip=info&#038;w=1800&#038;ssl=1 1800w,https:\/\/i2.wp.com\/bobofarm.at\/wp-content\/uploads\/2025\/06\/IMG_0899-scaled.jpeg?strip=info&#038;w=2000&#038;ssl=1 2000w\" alt=\"\" data-height=\"2560\" data-id=\"4145\" data-link=\"https:\/\/bobofarm.at\/?attachment_id=4145#main\" data-url=\"https:\/\/bobofarm.at\/wp-content\/uploads\/2025\/06\/IMG_0899-scaled.jpeg\" data-width=\"1920\" src=\"https:\/\/i2.wp.com\/bobofarm.at\/wp-content\/uploads\/2025\/06\/IMG_0899-scaled.jpeg?ssl=1\" layout=\"responsive\"\/><\/figure><\/div><div class=\"tiled-gallery__col\" style=\"flex-basis:26.50506420062115%\"><figure class=\"tiled-gallery__item\"><img srcset=\"https:\/\/i1.wp.com\/bobofarm.at\/wp-content\/uploads\/2025\/06\/IMG_0900-scaled.jpeg?strip=info&#038;w=600&#038;ssl=1 600w,https:\/\/i1.wp.com\/bobofarm.at\/wp-content\/uploads\/2025\/06\/IMG_0900-scaled.jpeg?strip=info&#038;w=900&#038;ssl=1 900w,https:\/\/i1.wp.com\/bobofarm.at\/wp-content\/uploads\/2025\/06\/IMG_0900-scaled.jpeg?strip=info&#038;w=1200&#038;ssl=1 1200w,https:\/\/i1.wp.com\/bobofarm.at\/wp-content\/uploads\/2025\/06\/IMG_0900-scaled.jpeg?strip=info&#038;w=1500&#038;ssl=1 1500w,https:\/\/i1.wp.com\/bobofarm.at\/wp-content\/uploads\/2025\/06\/IMG_0900-scaled.jpeg?strip=info&#038;w=1800&#038;ssl=1 1800w,https:\/\/i1.wp.com\/bobofarm.at\/wp-content\/uploads\/2025\/06\/IMG_0900-scaled.jpeg?strip=info&#038;w=2000&#038;ssl=1 2000w\" alt=\"\" data-height=\"2560\" data-id=\"4146\" data-link=\"https:\/\/bobofarm.at\/?attachment_id=4146#main\" data-url=\"https:\/\/bobofarm.at\/wp-content\/uploads\/2025\/06\/IMG_0900-scaled.jpeg\" data-width=\"1920\" src=\"https:\/\/i1.wp.com\/bobofarm.at\/wp-content\/uploads\/2025\/06\/IMG_0900-scaled.jpeg?ssl=1\" layout=\"responsive\"\/><\/figure><\/div><\/div><\/div><\/div>\n\n\n\n<div class=\"wp-block-jetpack-tiled-gallery aligncenter is-style-rectangular\"><div class=\"tiled-gallery__gallery\"><div class=\"tiled-gallery__row\"><div class=\"tiled-gallery__col\" style=\"flex-basis:66.82316118935837%\"><figure class=\"tiled-gallery__item\"><img srcset=\"https:\/\/i1.wp.com\/bobofarm.at\/wp-content\/uploads\/2023\/03\/54FCB6E0-7C3A-4BDC-9E7A-7F11DDD950F7-scaled.jpeg?strip=info&#038;w=600&#038;ssl=1 600w,https:\/\/i1.wp.com\/bobofarm.at\/wp-content\/uploads\/2023\/03\/54FCB6E0-7C3A-4BDC-9E7A-7F11DDD950F7-scaled.jpeg?strip=info&#038;w=900&#038;ssl=1 900w,https:\/\/i1.wp.com\/bobofarm.at\/wp-content\/uploads\/2023\/03\/54FCB6E0-7C3A-4BDC-9E7A-7F11DDD950F7-scaled.jpeg?strip=info&#038;w=1200&#038;ssl=1 1200w,https:\/\/i1.wp.com\/bobofarm.at\/wp-content\/uploads\/2023\/03\/54FCB6E0-7C3A-4BDC-9E7A-7F11DDD950F7-scaled.jpeg?strip=info&#038;w=1500&#038;ssl=1 1500w,https:\/\/i1.wp.com\/bobofarm.at\/wp-content\/uploads\/2023\/03\/54FCB6E0-7C3A-4BDC-9E7A-7F11DDD950F7-scaled.jpeg?strip=info&#038;w=1800&#038;ssl=1 1800w,https:\/\/i1.wp.com\/bobofarm.at\/wp-content\/uploads\/2023\/03\/54FCB6E0-7C3A-4BDC-9E7A-7F11DDD950F7-scaled.jpeg?strip=info&#038;w=1920&#038;ssl=1 1920w\" alt=\"\" data-height=\"1920\" data-id=\"4121\" data-link=\"http:\/\/bobofarm.at\/?attachment_id=4121#main\" data-url=\"https:\/\/bobofarm.at\/wp-content\/uploads\/2023\/03\/54FCB6E0-7C3A-4BDC-9E7A-7F11DDD950F7-scaled.jpeg\" data-width=\"2560\" src=\"https:\/\/i1.wp.com\/bobofarm.at\/wp-content\/uploads\/2023\/03\/54FCB6E0-7C3A-4BDC-9E7A-7F11DDD950F7-scaled.jpeg?ssl=1\" layout=\"responsive\"\/><\/figure><\/div><div class=\"tiled-gallery__col\" style=\"flex-basis:33.17683881064162%\"><figure class=\"tiled-gallery__item\"><img srcset=\"https:\/\/i2.wp.com\/bobofarm.at\/wp-content\/uploads\/2023\/03\/BA6FBA70-1E4E-4609-B5E8-B0B37F5F1C5F-scaled.jpeg?strip=info&#038;w=600&#038;ssl=1 600w,https:\/\/i2.wp.com\/bobofarm.at\/wp-content\/uploads\/2023\/03\/BA6FBA70-1E4E-4609-B5E8-B0B37F5F1C5F-scaled.jpeg?strip=info&#038;w=900&#038;ssl=1 900w,https:\/\/i2.wp.com\/bobofarm.at\/wp-content\/uploads\/2023\/03\/BA6FBA70-1E4E-4609-B5E8-B0B37F5F1C5F-scaled.jpeg?strip=info&#038;w=1200&#038;ssl=1 1200w,https:\/\/i2.wp.com\/bobofarm.at\/wp-content\/uploads\/2023\/03\/BA6FBA70-1E4E-4609-B5E8-B0B37F5F1C5F-scaled.jpeg?strip=info&#038;w=1500&#038;ssl=1 1500w,https:\/\/i2.wp.com\/bobofarm.at\/wp-content\/uploads\/2023\/03\/BA6FBA70-1E4E-4609-B5E8-B0B37F5F1C5F-scaled.jpeg?strip=info&#038;w=1800&#038;ssl=1 1800w,https:\/\/i2.wp.com\/bobofarm.at\/wp-content\/uploads\/2023\/03\/BA6FBA70-1E4E-4609-B5E8-B0B37F5F1C5F-scaled.jpeg?strip=info&#038;w=1920&#038;ssl=1 1920w\" alt=\"\" data-height=\"1920\" data-id=\"4122\" data-link=\"http:\/\/bobofarm.at\/?attachment_id=4122#main\" data-url=\"https:\/\/bobofarm.at\/wp-content\/uploads\/2023\/03\/BA6FBA70-1E4E-4609-B5E8-B0B37F5F1C5F-scaled.jpeg\" data-width=\"2560\" src=\"https:\/\/i2.wp.com\/bobofarm.at\/wp-content\/uploads\/2023\/03\/BA6FBA70-1E4E-4609-B5E8-B0B37F5F1C5F-scaled.jpeg?ssl=1\" layout=\"responsive\"\/><\/figure><figure class=\"tiled-gallery__item\"><img srcset=\"https:\/\/i0.wp.com\/bobofarm.at\/wp-content\/uploads\/2023\/03\/732F3B58-1A76-4D99-8220-D5236F1063F1-scaled.jpeg?strip=info&#038;w=600&#038;ssl=1 600w,https:\/\/i0.wp.com\/bobofarm.at\/wp-content\/uploads\/2023\/03\/732F3B58-1A76-4D99-8220-D5236F1063F1-scaled.jpeg?strip=info&#038;w=900&#038;ssl=1 900w,https:\/\/i0.wp.com\/bobofarm.at\/wp-content\/uploads\/2023\/03\/732F3B58-1A76-4D99-8220-D5236F1063F1-scaled.jpeg?strip=info&#038;w=1200&#038;ssl=1 1200w,https:\/\/i0.wp.com\/bobofarm.at\/wp-content\/uploads\/2023\/03\/732F3B58-1A76-4D99-8220-D5236F1063F1-scaled.jpeg?strip=info&#038;w=1500&#038;ssl=1 1500w,https:\/\/i0.wp.com\/bobofarm.at\/wp-content\/uploads\/2023\/03\/732F3B58-1A76-4D99-8220-D5236F1063F1-scaled.jpeg?strip=info&#038;w=1800&#038;ssl=1 1800w,https:\/\/i0.wp.com\/bobofarm.at\/wp-content\/uploads\/2023\/03\/732F3B58-1A76-4D99-8220-D5236F1063F1-scaled.jpeg?strip=info&#038;w=1920&#038;ssl=1 1920w\" alt=\"\" data-height=\"1920\" data-id=\"4123\" data-link=\"http:\/\/bobofarm.at\/?attachment_id=4123#main\" data-url=\"https:\/\/bobofarm.at\/wp-content\/uploads\/2023\/03\/732F3B58-1A76-4D99-8220-D5236F1063F1-scaled.jpeg\" data-width=\"2560\" src=\"https:\/\/i0.wp.com\/bobofarm.at\/wp-content\/uploads\/2023\/03\/732F3B58-1A76-4D99-8220-D5236F1063F1-scaled.jpeg?ssl=1\" layout=\"responsive\"\/><\/figure><\/div><\/div><div class=\"tiled-gallery__row\"><div class=\"tiled-gallery__col\" style=\"flex-basis:100%\"><figure class=\"tiled-gallery__item\"><img srcset=\"https:\/\/i1.wp.com\/bobofarm.at\/wp-content\/uploads\/2022\/07\/B2AEBEFB-64B5-4BC8-90C0-25C5AD077AA0-scaled.jpeg?strip=info&#038;w=600&#038;ssl=1 600w,https:\/\/i1.wp.com\/bobofarm.at\/wp-content\/uploads\/2022\/07\/B2AEBEFB-64B5-4BC8-90C0-25C5AD077AA0-scaled.jpeg?strip=info&#038;w=900&#038;ssl=1 900w,https:\/\/i1.wp.com\/bobofarm.at\/wp-content\/uploads\/2022\/07\/B2AEBEFB-64B5-4BC8-90C0-25C5AD077AA0-scaled.jpeg?strip=info&#038;w=1200&#038;ssl=1 1200w,https:\/\/i1.wp.com\/bobofarm.at\/wp-content\/uploads\/2022\/07\/B2AEBEFB-64B5-4BC8-90C0-25C5AD077AA0-scaled.jpeg?strip=info&#038;w=1500&#038;ssl=1 1500w,https:\/\/i1.wp.com\/bobofarm.at\/wp-content\/uploads\/2022\/07\/B2AEBEFB-64B5-4BC8-90C0-25C5AD077AA0-scaled.jpeg?strip=info&#038;w=1800&#038;ssl=1 1800w,https:\/\/i1.wp.com\/bobofarm.at\/wp-content\/uploads\/2022\/07\/B2AEBEFB-64B5-4BC8-90C0-25C5AD077AA0-scaled.jpeg?strip=info&#038;w=1920&#038;ssl=1 1920w\" alt=\"\" data-height=\"1920\" data-id=\"4092\" data-link=\"http:\/\/bobofarm.at\/?attachment_id=4092#main\" data-url=\"https:\/\/bobofarm.at\/wp-content\/uploads\/2022\/07\/B2AEBEFB-64B5-4BC8-90C0-25C5AD077AA0-scaled.jpeg\" data-width=\"2560\" src=\"https:\/\/i1.wp.com\/bobofarm.at\/wp-content\/uploads\/2022\/07\/B2AEBEFB-64B5-4BC8-90C0-25C5AD077AA0-scaled.jpeg?ssl=1\" layout=\"responsive\"\/><\/figure><\/div><\/div><\/div><\/div>\n\n\n\n\n","protected":false},"excerpt":{"rendered":"<p>Wo? BoboFarm &#8211; 2332 Hennersdorf &#8211; gleich neben Spielplatz &#8211; Ecke Teichfeldgasse\/H\u00f6belgasse) Ab 25. April bis 24. Mai bieten wir t\u00e4glich (auch an Sonn- und Feiertagen) von 16 &#8211; 17 h unsere Jungpflanzen zum Verkauf an. 60 Sorten Tomaten Paprika, Chili Gurken K\u00fcrbis Rote R\u00fcben Kohlrabi, Kraut Kr\u00e4uter Erdmandeln Erdbeeren Tabak Blumen Sukkulenten Ich berate&hellip; <a class=\"read-more\" href=\"http:\/\/bobofarm.at\/?page_id=1080\">Read More<\/a><\/p>\n","protected":false},"author":1,"featured_media":0,"parent":0,"menu_order":0,"comment_status":"closed","ping_status":"closed","template":"","meta":{"ngg_post_thumbnail":0,"spay_email":""},"jetpack_sharing_enabled":true,"jetpack_shortlink":"https:\/\/wp.me\/P5Mh2S-hq","_links":{"self":[{"href":"http:\/\/bobofarm.at\/index.php?rest_route=\/wp\/v2\/pages\/1080"}],"collection":[{"href":"http:\/\/bobofarm.at\/index.php?rest_route=\/wp\/v2\/pages"}],"about":[{"href":"http:\/\/bobofarm.at\/index.php?rest_route=\/wp\/v2\/types\/page"}],"author":[{"embeddable":true,"href":"http:\/\/bobofarm.at\/index.php?rest_route=\/wp\/v2\/users\/1"}],"replies":[{"embeddable":true,"href":"http:\/\/bobofarm.at\/index.php?rest_route=%2Fwp%2Fv2%2Fcomments&post=1080"}],"version-history":[{"count":86,"href":"http:\/\/bobofarm.at\/index.php?rest_route=\/wp\/v2\/pages\/1080\/revisions"}],"predecessor-version":[{"id":4185,"href":"http:\/\/bobofarm.at\/index.php?rest_route=\/wp\/v2\/pages\/1080\/revisions\/4185"}],"wp:attachment":[{"href":"http:\/\/bobofarm.at\/index.php?rest_route=%2Fwp%2Fv2%2Fmedia&parent=1080"}],"curies":[{"name":"wp","href":"https:\/\/api.w.org\/{rel}","templated":true}]}}