{"id":4073,"date":"2022-06-13T13:58:00","date_gmt":"2022-06-13T12:58:00","guid":{"rendered":"http:\/\/bobofarm.at\/?page_id=4073"},"modified":"2026-02-22T09:19:38","modified_gmt":"2026-02-22T08:19:38","slug":"workshop-2","status":"publish","type":"page","link":"https:\/\/bobofarm.at\/?page_id=4073","title":{"rendered":"Aktuell"},"content":{"rendered":"\n<p>Die ersten Physialis-Sorten; Melanzani und Bl\u00fcmchen habe ich heute 13.01.(gute Mondphase) zuerst im Kamillenbad gebadet und danach ges\u00e4et. Bei 21 Grad werden sie sch\u00f6n aufgehen.<br>Wenn die ersten Bl\u00e4tter nach den Keimbl\u00e4ttern zu sehen sind,  werden die Jungpflanzen pikiert und in den k\u00fchleren Wintergarten gestellt.<\/p>\n\n\n\n<div class=\"wp-block-jetpack-tiled-gallery aligncenter is-style-rectangular\"><div class=\"tiled-gallery__gallery\"><div class=\"tiled-gallery__row\"><div class=\"tiled-gallery__col\" style=\"flex-basis:100%\"><figure class=\"tiled-gallery__item\"><img srcset=\"https:\/\/i1.wp.com\/bobofarm.at\/wp-content\/uploads\/2026\/01\/IMG_2117-scaled.jpeg?strip=info&#038;w=600&#038;ssl=1 600w,https:\/\/i1.wp.com\/bobofarm.at\/wp-content\/uploads\/2026\/01\/IMG_2117-scaled.jpeg?strip=info&#038;w=900&#038;ssl=1 900w,https:\/\/i1.wp.com\/bobofarm.at\/wp-content\/uploads\/2026\/01\/IMG_2117-scaled.jpeg?strip=info&#038;w=1200&#038;ssl=1 1200w,https:\/\/i1.wp.com\/bobofarm.at\/wp-content\/uploads\/2026\/01\/IMG_2117-scaled.jpeg?strip=info&#038;w=1500&#038;ssl=1 1500w,https:\/\/i1.wp.com\/bobofarm.at\/wp-content\/uploads\/2026\/01\/IMG_2117-scaled.jpeg?strip=info&#038;w=1800&#038;ssl=1 1800w,https:\/\/i1.wp.com\/bobofarm.at\/wp-content\/uploads\/2026\/01\/IMG_2117-scaled.jpeg?strip=info&#038;w=1920&#038;ssl=1 1920w\" alt=\"\" data-height=\"1920\" data-id=\"4172\" data-link=\"https:\/\/bobofarm.at\/?attachment_id=4172#main\" data-url=\"https:\/\/bobofarm.at\/wp-content\/uploads\/2026\/01\/IMG_2117-scaled.jpeg\" data-width=\"2560\" src=\"https:\/\/i1.wp.com\/bobofarm.at\/wp-content\/uploads\/2026\/01\/IMG_2117-scaled.jpeg?ssl=1\" layout=\"responsive\"\/><\/figure><\/div><\/div><\/div><\/div>\n\n\n\n<p><br>BoboFarm Hennersdorf &#8211; Ecke Teichfeldgasse\/H\u00f6belgasse gleich neben dem Spielplatz.<\/p>\n\n\n","protected":false},"excerpt":{"rendered":"<p>Die ersten Physialis-Sorten; Melanzani und Bl\u00fcmchen habe ich heute 13.01.(gute Mondphase) zuerst im Kamillenbad gebadet und danach ges\u00e4et. Bei 21 Grad werden sie sch\u00f6n aufgehen.Wenn die ersten Bl\u00e4tter nach den Keimbl\u00e4ttern zu sehen sind, werden die Jungpflanzen pikiert und in den k\u00fchleren Wintergarten gestellt. BoboFarm Hennersdorf &#8211; Ecke Teichfeldgasse\/H\u00f6belgasse gleich neben dem Spielplatz.&hellip; <a class=\"read-more\" href=\"https:\/\/bobofarm.at\/?page_id=4073\">Read More<\/a><\/p>\n","protected":false},"author":1,"featured_media":0,"parent":0,"menu_order":0,"comment_status":"closed","ping_status":"closed","template":"","meta":{"ngg_post_thumbnail":0,"spay_email":""},"jetpack_sharing_enabled":true,"jetpack_shortlink":"https:\/\/wp.me\/P5Mh2S-13H","_links":{"self":[{"href":"https:\/\/bobofarm.at\/index.php?rest_route=\/wp\/v2\/pages\/4073"}],"collection":[{"href":"https:\/\/bobofarm.at\/index.php?rest_route=\/wp\/v2\/pages"}],"about":[{"href":"https:\/\/bobofarm.at\/index.php?rest_route=\/wp\/v2\/types\/page"}],"author":[{"embeddable":true,"href":"https:\/\/bobofarm.at\/index.php?rest_route=\/wp\/v2\/users\/1"}],"replies":[{"embeddable":true,"href":"https:\/\/bobofarm.at\/index.php?rest_route=%2Fwp%2Fv2%2Fcomments&post=4073"}],"version-history":[{"count":22,"href":"https:\/\/bobofarm.at\/index.php?rest_route=\/wp\/v2\/pages\/4073\/revisions"}],"predecessor-version":[{"id":4178,"href":"https:\/\/bobofarm.at\/index.php?rest_route=\/wp\/v2\/pages\/4073\/revisions\/4178"}],"wp:attachment":[{"href":"https:\/\/bobofarm.at\/index.php?rest_route=%2Fwp%2Fv2%2Fmedia&parent=4073"}],"curies":[{"name":"wp","href":"https:\/\/api.w.org\/{rel}","templated":true}]}}